{"id":18,"date":"2024-05-27T15:55:36","date_gmt":"2024-05-27T15:55:36","guid":{"rendered":"http:\/\/ubereslegal.com\/?page_id=18"},"modified":"2025-05-30T13:43:32","modified_gmt":"2025-05-30T13:43:32","slug":"noticias","status":"publish","type":"page","link":"http:\/\/ubereslegal.com\/en\/noticias\/","title":{"rendered":"News"},"content":{"rendered":"<div data-vc-full-width=\"true\" data-vc-full-width-init=\"false\" class=\"vc_row wpb_row vc_row-fluid vc_custom_1722520829593\"><div class=\"wpb_column vc_column_container vc_col-sm-12\"><div class=\"vc_column-inner vc_custom_1719528326428\"><div class=\"wpb_wrapper\"><div class=\"vc_empty_space\"   style=\"height: 160px\"><span class=\"vc_empty_space_inner\"><\/span><\/div>\n\t<div class=\"wpb_text_column wpb_content_element  vc_custom_1722520678695 country\" >\n\t\t<div class=\"wpb_wrapper\">\n\t\t\t<h5>Recent News<\/h5>\n\n\t\t<\/div>\n\t<\/div>\n\n\t<div class=\"wpb_gallery wpb_posts_slider wpb_content_element\" >\n\t\t<div class=\"wpb_wrapper\">\n\t\t\t\n\t\t\t<div class=\"wpb_gallery_slides wpb_flexslider flexslider_fade flexslider\" data-interval=\"5\" data-flex_fx=\"fade\"><ul class=\"slides\"><li><a class=\"link_image\" href=\"http:\/\/ubereslegal.com\/en\/nueva-medida-del-ejecutivo-nacional-a-favor-del-libre-transito-de-uber-en-establecimientos-de-utilidad-nacional\/\" title=\"Permalink to Nueva medida del Ejecutivo Nacional a favor del libre tr\u00e1nsito de Uber en establecimientos de utilidad nacional\"><\/a><div class=\"flex-caption\"><h2 class=\"post-title\"><a class=\"link_image\" href=\"http:\/\/ubereslegal.com\/en\/nueva-medida-del-ejecutivo-nacional-a-favor-del-libre-transito-de-uber-en-establecimientos-de-utilidad-nacional\/\" title=\"Permalink to Nueva medida del Ejecutivo Nacional a favor del libre tr\u00e1nsito de Uber en establecimientos de utilidad nacional\">New Decree From National Executive Branch In Favour Of Free Access For Uber At National Utilities Facility<\/a><\/h2><p>The National Executive Branch, through Decree No. 883\/2024 passed on the 4th of October, 2024, authorized the free entry of whichever vehicle to \u201cpublic access areas of all national harbours, airports and aerodromes for [...]<\/p>\n<\/div><\/li><li><a class=\"link_image\" href=\"https:\/\/www.lavoz.com.ar\/ciudadanos\/ya-hay-mas-autos-de-uber-que-de-remises-en-la-ciudad-de-cordoba\/?register=google\" title=\"Permalink to Ya hay 2.600 conductores que utilizan la app de Uber en C\u00f3rdoba, casi el mismo n\u00famero de remiseros en actividad y un 70% de los taxistas habilitados por la municipalidad.\"><\/a><div class=\"flex-caption\"><h2 class=\"post-title\"><a class=\"link_image\" href=\"https:\/\/www.lavoz.com.ar\/ciudadanos\/ya-hay-mas-autos-de-uber-que-de-remises-en-la-ciudad-de-cordoba\/?register=google\" title=\"Permalink to Ya hay 2.600 conductores que utilizan la app de Uber en C\u00f3rdoba, casi el mismo n\u00famero de remiseros en actividad y un 70% de los taxistas habilitados por la municipalidad.\">There Are Already 2,600 Drivers That Use Uber In C\u00f3rdoba, Almost The Same Number Of Active Remis (Private Taxi) Drivers and 70% Of Taxi Drivers Authorised By The Municipality<\/a><\/h2><p>News date: 20\/04\/2023<\/p>\n<\/div><\/li><li><a class=\"link_image\" href=\"https:\/\/www.lavoz.com.ar\/ciudadanos\/uber-es-legal-o-ilegal-en-cordoba-un-limbo-al-que-todas-las-gestiones-le-escapan\/\" title=\"Permalink to Las apps de servicio de transporte a trav\u00e9s de plataformas digitales se expanden y les ganan terreno a los servicios tradicionales en C\u00f3rdoba\"><\/a><div class=\"flex-caption\"><h2 class=\"post-title\"><a class=\"link_image\" href=\"https:\/\/www.lavoz.com.ar\/ciudadanos\/uber-es-legal-o-ilegal-en-cordoba-un-limbo-al-que-todas-las-gestiones-le-escapan\/\" title=\"Permalink to Las apps de servicio de transporte a trav\u00e9s de plataformas digitales se expanden y les ganan terreno a los servicios tradicionales en C\u00f3rdoba\">Transportation Service Apps Through Digital Platforms Are Expanding And Gaining Territory Over Traditional Services In C\u00f3rdoba<\/a><\/h2><p>News date 07\/04\/2023<\/p>\n<\/div><\/li><li><a class=\"link_image\" href=\"https:\/\/www.lacapital.com.ar\/opinion\/prohibir-prohibir-el-caso-uber-rosario-n2652675.html\" title=\"Permalink to La autora analiza el caso de Uber en Rosario, haciendo un an\u00e1lisis sobre la legalidad de la actividad. Se\u00f1ala que es una actividad l\u00edcita no regulada y que est\u00e1 contemplada por el art. 1280 del CCyC, y protegida por el art. 14 y 19 de la Constituci\u00f3n nacional. Concluye as\u00ed, que es err\u00f3neo forzar a encuadrar a este tipo de empresas en ordenanzas creadas antes de que siquiera existieran estas tecnolog\u00edas, y que bajo ning\u00fan punto de vista la soluci\u00f3n es prohibirlas.\u00a0Fecha de noticia: 08\/04\/2021.\"><\/a><\/li><\/ul><\/div>\n\t\t<\/div>\n\t<\/div>\n<div class=\"vc_empty_space\"   style=\"height: 40px\"><span class=\"vc_empty_space_inner\"><\/span><\/div>\n\t<div class=\"wpb_text_column wpb_content_element\" >\n\t\t<div class=\"wpb_wrapper\">\n\t\t\t<h1 style=\"text-align: center;\"><strong>News all over the World<\/strong><\/h1>\n\n\t\t<\/div>\n\t<\/div>\n<div class=\"vc_empty_space\"   style=\"height: 40px\"><span class=\"vc_empty_space_inner\"><\/span><\/div><div class=\"vc_btn3-container vc_btn3-center\" ><a class=\"vc_general vc_btn3 vc_btn3-size-lg vc_btn3-shape-rounded vc_btn3-style-modern vc_btn3-color-grey\" href=\"https:\/\/ubereslegal.com\/en\/noticias\/europa\/\" title=\"European News\" target=\"_blank\">European News<\/a><\/div><div class=\"vc_empty_space\"   style=\"height: 40px\"><span class=\"vc_empty_space_inner\"><\/span><\/div><div class=\"vc_btn3-container vc_btn3-center\" ><a class=\"vc_general vc_btn3 vc_btn3-size-md vc_btn3-shape-rounded vc_btn3-style-modern vc_btn3-color-grey\" href=\"https:\/\/ubereslegal.com\/en\/noticias\/sudamerica\/\" title=\"South America News\" target=\"_blank\">South America News<\/a><\/div><div class=\"vc_empty_space\"   style=\"height: 40px\"><span class=\"vc_empty_space_inner\"><\/span><\/div><div class=\"vc_btn3-container vc_btn3-center\" ><a class=\"vc_general vc_btn3 vc_btn3-size-md vc_btn3-shape-rounded vc_btn3-style-modern vc_btn3-color-grey\" href=\"https:\/\/ubereslegal.com\/en\/noticias\/argentina\/\" title=\"Argentinian News\" target=\"_blank\">Argentinian News<\/a><\/div><div class=\"vc_empty_space\"   style=\"height: 40px\"><span class=\"vc_empty_space_inner\"><\/span><\/div><div class=\"vc_btn3-container vc_btn3-center\" ><a class=\"vc_general vc_btn3 vc_btn3-size-md vc_btn3-shape-rounded vc_btn3-style-modern vc_btn3-color-grey\" href=\"https:\/\/ubereslegal.com\/en\/noticias\/norteamerica\/\" title=\"North America News\" target=\"_blank\">North America News<\/a><\/div><div class=\"vc_empty_space\"   style=\"height: 40px\"><span class=\"vc_empty_space_inner\"><\/span><\/div><div class=\"vc_btn3-container vc_btn3-center\" ><a class=\"vc_general vc_btn3 vc_btn3-size-md vc_btn3-shape-rounded vc_btn3-style-modern vc_btn3-color-grey\" href=\"https:\/\/ubereslegal.com\/en\/noticias\/resto-del-mundo\/\" title=\"News from the Rest of the World\" target=\"_blank\">News from the Rest of the World<\/a><\/div><div class=\"vc_empty_space\"   style=\"height: 120px\"><span class=\"vc_empty_space_inner\"><\/span><\/div><\/div><\/div><\/div><\/div><div class=\"vc_row-full-width vc_clearfix\"><\/div>","protected":false},"excerpt":{"rendered":"","protected":false},"author":2,"featured_media":0,"parent":0,"menu_order":0,"comment_status":"closed","ping_status":"closed","template":"","meta":{"inline_featured_image":false,"footnotes":"","_links_to":"","_links_to_target":""},"class_list":["post-18","page","type-page","status-publish","hentry"],"_links":{"self":[{"href":"http:\/\/ubereslegal.com\/en\/wp-json\/wp\/v2\/pages\/18","targetHints":{"allow":["GET"]}}],"collection":[{"href":"http:\/\/ubereslegal.com\/en\/wp-json\/wp\/v2\/pages"}],"about":[{"href":"http:\/\/ubereslegal.com\/en\/wp-json\/wp\/v2\/types\/page"}],"author":[{"embeddable":true,"href":"http:\/\/ubereslegal.com\/en\/wp-json\/wp\/v2\/users\/2"}],"replies":[{"embeddable":true,"href":"http:\/\/ubereslegal.com\/en\/wp-json\/wp\/v2\/comments?post=18"}],"version-history":[{"count":92,"href":"http:\/\/ubereslegal.com\/en\/wp-json\/wp\/v2\/pages\/18\/revisions"}],"predecessor-version":[{"id":4492,"href":"http:\/\/ubereslegal.com\/en\/wp-json\/wp\/v2\/pages\/18\/revisions\/4492"}],"wp:attachment":[{"href":"http:\/\/ubereslegal.com\/en\/wp-json\/wp\/v2\/media?parent=18"}],"curies":[{"name":"wp","href":"https:\/\/api.w.org\/{rel}","templated":true}]}}

<div data-vc-full-width="true" data-vc-full-width-init="false" class="vc_row wpb_row vc_row-fluid vc_custom_1722520829593"><div class="wpb_column vc_column_container vc_col-sm-12"><div class="vc_column-inner vc_custom_1719528326428"><div class="wpb_wrapper"><div class="vc_empty_space"   style="height: 160px"><span class="vc_empty_space_inner"></span></div>
	<div class="wpb_text_column wpb_content_element  vc_custom_1722520678695 country" >
		<div class="wpb_wrapper">
			<h5>Recent News</h5>

		</div>
	</div>

	<div class="wpb_gallery wpb_posts_slider wpb_content_element" >
		<div class="wpb_wrapper">
			
			<div class="wpb_gallery_slides wpb_flexslider flexslider_fade flexslider" data-interval="5" data-flex_fx="fade"><ul class="slides"><li><a class="link_image" href="http://ubereslegal.com/en/nueva-medida-del-ejecutivo-nacional-a-favor-del-libre-transito-de-uber-en-establecimientos-de-utilidad-nacional/" title="Permalink to Nueva medida del Ejecutivo Nacional a favor del libre tránsito de Uber en establecimientos de utilidad nacional"></a><div class="flex-caption"><h2 class="post-title"><a class="link_image" href="http://ubereslegal.com/en/nueva-medida-del-ejecutivo-nacional-a-favor-del-libre-transito-de-uber-en-establecimientos-de-utilidad-nacional/" title="Permalink to Nueva medida del Ejecutivo Nacional a favor del libre tránsito de Uber en establecimientos de utilidad nacional">New Decree From National Executive Branch In Favour Of Free Access For Uber At National Utilities Facility</a></h2><p>The National Executive Branch, through Decree No. 883/2024 passed on the 4th of October, 2024, authorized the free entry of whichever vehicle to “public access areas of all national harbours, airports and aerodromes for [...]</p>
</div></li><li><a class="link_image" href="https://www.lavoz.com.ar/ciudadanos/ya-hay-mas-autos-de-uber-que-de-remises-en-la-ciudad-de-cordoba/?register=google" title="Permalink to Ya hay 2.600 conductores que utilizan la app de Uber en Córdoba, casi el mismo número de remiseros en actividad y un 70% de los taxistas habilitados por la municipalidad."></a><div class="flex-caption"><h2 class="post-title"><a class="link_image" href="https://www.lavoz.com.ar/ciudadanos/ya-hay-mas-autos-de-uber-que-de-remises-en-la-ciudad-de-cordoba/?register=google" title="Permalink to Ya hay 2.600 conductores que utilizan la app de Uber en Córdoba, casi el mismo número de remiseros en actividad y un 70% de los taxistas habilitados por la municipalidad.">There Are Already 2,600 Drivers That Use Uber In Córdoba, Almost The Same Number Of Active Remis (Private Taxi) Drivers and 70% Of Taxi Drivers Authorised By The Municipality</a></h2><p>News date: 20/04/2023</p>
</div></li><li><a class="link_image" href="https://www.lavoz.com.ar/ciudadanos/uber-es-legal-o-ilegal-en-cordoba-un-limbo-al-que-todas-las-gestiones-le-escapan/" title="Permalink to Las apps de servicio de transporte a través de plataformas digitales se expanden y les ganan terreno a los servicios tradicionales en Córdoba"></a><div class="flex-caption"><h2 class="post-title"><a class="link_image" href="https://www.lavoz.com.ar/ciudadanos/uber-es-legal-o-ilegal-en-cordoba-un-limbo-al-que-todas-las-gestiones-le-escapan/" title="Permalink to Las apps de servicio de transporte a través de plataformas digitales se expanden y les ganan terreno a los servicios tradicionales en Córdoba">Transportation Service Apps Through Digital Platforms Are Expanding And Gaining Territory Over Traditional Services In Córdoba</a></h2><p>News date 07/04/2023</p>
</div></li><li><a class="link_image" href="https://www.lacapital.com.ar/opinion/prohibir-prohibir-el-caso-uber-rosario-n2652675.html" title="Permalink to La autora analiza el caso de Uber en Rosario, haciendo un análisis sobre la legalidad de la actividad. Señala que es una actividad lícita no regulada y que está contemplada por el art. 1280 del CCyC, y protegida por el art. 14 y 19 de la Constitución nacional. Concluye así, que es erróneo forzar a encuadrar a este tipo de empresas en ordenanzas creadas antes de que siquiera existieran estas tecnologías, y que bajo ningún punto de vista la solución es prohibirlas. Fecha de noticia: 08/04/2021."></a></li></ul></div>
		</div>
	</div>
<div class="vc_empty_space"   style="height: 40px"><span class="vc_empty_space_inner"></span></div>
	<div class="wpb_text_column wpb_content_element" >
		<div class="wpb_wrapper">
			<h1 style="text-align: center;"><strong>News all over the World</strong></h1>

		</div>
	</div>
<div class="vc_empty_space"   style="height: 40px"><span class="vc_empty_space_inner"></span></div><div class="vc_btn3-container vc_btn3-center" ><a class="vc_general vc_btn3 vc_btn3-size-lg vc_btn3-shape-rounded vc_btn3-style-modern vc_btn3-color-grey" href="https://ubereslegal.com/en/noticias/europa/" title="European News" target="_blank">European News</a></div><div class="vc_empty_space"   style="height: 40px"><span class="vc_empty_space_inner"></span></div><div class="vc_btn3-container vc_btn3-center" ><a class="vc_general vc_btn3 vc_btn3-size-md vc_btn3-shape-rounded vc_btn3-style-modern vc_btn3-color-grey" href="https://ubereslegal.com/en/noticias/sudamerica/" title="South America News" target="_blank">South America News</a></div><div class="vc_empty_space"   style="height: 40px"><span class="vc_empty_space_inner"></span></div><div class="vc_btn3-container vc_btn3-center" ><a class="vc_general vc_btn3 vc_btn3-size-md vc_btn3-shape-rounded vc_btn3-style-modern vc_btn3-color-grey" href="https://ubereslegal.com/en/noticias/argentina/" title="Argentinian News" target="_blank">Argentinian News</a></div><div class="vc_empty_space"   style="height: 40px"><span class="vc_empty_space_inner"></span></div><div class="vc_btn3-container vc_btn3-center" ><a class="vc_general vc_btn3 vc_btn3-size-md vc_btn3-shape-rounded vc_btn3-style-modern vc_btn3-color-grey" href="https://ubereslegal.com/en/noticias/norteamerica/" title="North America News" target="_blank">North America News</a></div><div class="vc_empty_space"   style="height: 40px"><span class="vc_empty_space_inner"></span></div><div class="vc_btn3-container vc_btn3-center" ><a class="vc_general vc_btn3 vc_btn3-size-md vc_btn3-shape-rounded vc_btn3-style-modern vc_btn3-color-grey" href="https://ubereslegal.com/en/noticias/resto-del-mundo/" title="News from the Rest of the World" target="_blank">News from the Rest of the World</a></div><div class="vc_empty_space"   style="height: 120px"><span class="vc_empty_space_inner"></span></div></div></div></div></div><div class="vc_row-full-width vc_clearfix"></div>
